e hundreds digit of n?
1
Let k(g) = g**2 + 3. Let p be k(-2). Suppose p - 197 = -2*i. Let o = -47 + i. What is the units digit of o?
8
Let p = -32 - -16. Let j = p + 49. What is the tens digit of j?
3
Let d be 8 - (-4 + 8) - -204. Let m = d - 85. Suppose -4*w + m = -13. What is the units digit of w?
4
Suppose -5*i + 2332 = -p - 7074, 0 = -5*p + 20. What is the tens digit of i?
8
Suppose -5*p - 5*r + 930 = 0, 2*p - 357 = -3*r + 4*r. What is the units digit of p?
1
Suppose 0 = 37*k + 73 - 221. Let u be (-2)/7 - 256/(-14). Suppose u = 5*r + k*q, -5*q = 10 + 5. What is the units digit of r?
6
Suppose 2*o - 2172 = -3*z - 2*o, 2*z - 4*o - 1468 = 0. What is the units digit of z?
8
Suppose 5 = k - 0*k. Suppose 5*h - 55*n + 54*n - 192 = 0, -n + 112 = 3*h. What is the units digit of 20/50 + h/k?
8
Suppose 831 = 4*f - 5*o, 0 = -3*f - o + 477 + 170. Let i = 429 - f. What is the hundreds digit of i?
2
Let v(h) = 46*h - 4. Let c be v(1). Let a = c + -14. What is the units digit of a?
8
Let u = -66 + 117. Let b = u + -22. What is the tens digit of b?
2
Suppose 0*c - 5*c = 0. Suppose -4*l - f + 12 = -0*f, c = -5*f. Suppose -2*d + 1 = s - 5*d, -l*s - 5*d = -59. What is the tens digit of s?
1
Suppose 21*u = 14*u + 12593. What is the tens digit of u?
9
Suppose 4*z + 2*d = 120, -z + 4*d = z - 70. Let n = 56 - z. What is the units digit of n?
5
Let w = 1048 + -571. What is the units digit of w?
7
Suppose 0*l + 215 = -4*z - l, -5*z + 3*l = 256. Let h = z + 83. What is the tens digit of (-2)/(-10) + 324/h?
1
Suppose -36 = 2*k - 11*k. Suppose k*o + 116 = 952. What is the hundreds digit of o?
2
Let n(g) = 7*g**2 - 20*g - 32. What is the hundreds digit of n(-13)?
4
Let f(l) = l**3 - 3*l**2 - 4*l + 6. Let g be f(4). Suppose g*i = 4*i - 18. Let k = i - -34. What is the tens digit of k?
2
What is the tens digit of 1781 - 120/80*(-4)/6?
8
Let h(g) = 2*g - 28. Let j be h(0). Let p be ((-16)/j)/((-4)/(-14)). Suppose -x = -p, 0*x - 118 = -4*n - 5*x. What is the units digit of n?
7
Let w(c) = -2*c - 25. Let z be w(-6). Let u(r) = -18*r - 43. What is the hundreds digit of u(z)?
1
Suppose -8*m - 1082 = -17762. What is the hundreds digit of m?
0
Let c = -454 - -451. Suppose -2*p - 2*k + 18 = 3*p, 0 = -4*p + 3*k - 4. What is the tens digit of 1 + (99 - c)/p?
5
What is the units digit of (270/(-25))/((-13)/1105)?
8
Let s(d) = -282*d - 382. What is the hundreds digit of s(-5)?
0
Let l be (-5 + 4)/((-2)/16). Suppose l*r - 1571 = -563. What is the hundreds digit of r?
1
Let h(n) = 3*n**2 + 7*n + 4. Let f be h(8). Let k = f - 109. What is the units digit of k?
3
Suppose 6972 = -18*h + 22*h - 2*a, 5*a = -2*h + 3486. What is the thousands digit of h?
1
Let u = 4545 + -2464. What is the hundreds digit of u?
0
Suppose -4*i + 42 + 70 = 0. Suppose -612 = 26*r - i*r. What is the tens digit of r?
0
Let v = 97 - -179. What is the tens digit of v?
7
Let c(w) = 1202*w**3 + 19*w - 18. What is the thousands digit of c(1)?
1
What is the units digit of (-2486)/(-7) + 258/301?
6
Suppose 0 = -15*p + 2311 + 3959. What is the units digit of p?
8
What is the units digit of 36/162 + (-273660)/(-54)?
8
Let w = -863 - -1322. What is the units digit of w?
9
Let t = -694 + 420. Let v be t/(-30) + 8/(-60). Let n(l) = -l**2 + 9*l + 3. What is the units digit of n(v)?
3
What is the thousands digit of (-10742)/(-8) + 294/(-168)?
1
Suppose 4*j = 5*j + 1. Let n(r) = -19*r. Let c be n(j). Suppose -b - b = 5*g - c, 9 = 5*g - 3*b. What is the units digit of g?
3
Let q(h) = 80*h**2 + 5*h - 6. Let f(s) = -16*s**2 - s + 1. Let k(w) = -11*f(w) - 2*q(w). What is the tens digit of k(-1)?
1
Let s(x) = 25*x**2 - 44*x - 26. What is the hundreds digit of s(15)?
9
Let c = -5298 - -7804. Suppose -15*b = -b - c. What is the tens digit of b?
7
Let v(r) = r**3 + 10*r**2 + 10*r + 26. Let n(c) = -c**3 - 11*c**2 - 11*c - 27. Let s(t) = -6*n(t) - 5*v(t). What is the tens digit of s(-14)?
0
Let x = -2415 + 2687. What is the hundreds digit of x?
2
Let i be 1504/(-28) + (-4)/14. Let s = 86 + i. Let m = 52 - s. What is the tens digit of m?
2
Suppose 4*w - 231 = 3*k, 2*w - 45 - 43 = -4*k. What is the tens digit of (4 - w/6) + 99?
9
Let y be 16/12 + (-2)/(-3). Let p = 24 - y. Suppose 5*n - 131 = -4*t - p, -3*n - 40 = -t. What is the tens digit of t?
3
Let q(g) = -g + 9. Let c be q(4). Suppose 0*d + 2*w = -5*d + 139, 0 = 4*d + c*w - 101. Suppose 3*y = 2*y - 4*p + 53, y = 4*p + d. What is the tens digit of y?
4
Let w(x) be the second derivative of -x**4/12 - 3*x**3/2 - 3*x**2/2 - 185*x. Let m = -12 - -5. What is the tens digit of w(m)?
1
Let l(v) = 38*v + 10. Let w be l(3). Let q = w - 62. What is the units digit of q?
2
Let m(j) = -3*j**3 + 16*j**2 + 12*j - 1. Let p be m(6). Let v = 23 - 15. What is the units digit of p/(-4) - (-102)/v?
3
Suppose 1094*x - 1098*x + 60 = 0. What is the units digit of x?
5
Suppose 3*b + 0*b + 5*a - 7 = 0, -2*b - 8 = -3*a. Let h = b - 1. What is the units digit of (4 + -5)*(0 + h)?
2
Let v be 185*(64/20 - 2). Let c be 10/(-20) + v/4. Suppose 7*i - 12*i = -c. What is the tens digit of i?
1
Suppose -5*i - 152 = -6652. What is the units digit of i?
0
Let h(v) be the second derivative of v**5/20 + 7*v**4/6 + 17*v**3/6 - 17*v**2/2 + 24*v. What is the units digit of h(-11)?
9
Let r(l) = 13*l - 451. What is the tens digit of r(37)?
3
Let g(x) = 3*x - 7. Let u be g(5). Suppose 18*i - 17*i - u = 0. What is the units digit of i?
8
Let i(n) = 41*n**2 - 6*n. Let c be (1 - 3)/8 - 36/(-16). What is the units digit of i(c)?
2
Let j = -27 + 31. Suppose j*l = -4*g + 184, 6*l = 5*l + 4*g + 66. What is the units digit of l?
0
Suppose -5*g - 12 = -8*g, -2*d + 3*g + 6 = 0. Let c = d + 5. What is the tens digit of c?
1
Suppose 8 = 3*y - 2*y - 4*v, 0 = -y - 4*v. Suppose -2*o + 4*u = -126, -252 = -3*o - o + y*u. What is the units digit of o?
3
Suppose -a - 28 - 187 = -v, -2*a = -10. Suppose 11*n + v = 15*n. What is the tens digit of n?
5
Let k(j) be the first derivative of -1 + 2*j**3 + 5*j**2 - 1/4*j**4 - 9*j. What is the tens digit of k(7)?
1
Suppose 0 = -a - 2*u + 88, 3*a + 2*u - 66 - 186 = 0. Suppose 87*t - a*t = 65. What is the units digit of t?
3
Let q be (-18)/(-4) + 8/(-16). Suppose -4*u + 2 = d, -5*d - q*u + 10 = -0*d. What is the units digit of d?
2
Let p(t) = t**3 + 3*t**2 + 3*t + 2. Let f be p(-2). Suppose 2*g + 2 = f, 2*n = -2*n + 4*g + 352. What is the units digit of n?
7
Suppose 0 = -5*o - 20, 4*o + o - 1370 = -d. What is the thousands digit of d?
1
Suppose 0 = 3*h + 5*k - 1276, -4*h + k - 426 = -5*h. What is the hundreds digit of h?
4
Let p be 0 - -3 - (7*-13 + 1). Suppose 3*m = 5*m - i - p, -3*i + 9 = 0. What is the tens digit of m?
4
Suppose 0 = -k + 326 + 1867. What is the hundreds digit of k?
1
Let h(g) = 112*g**2 + 2*g + 25. What is the hundreds digit of h(-3)?
0
Let h(j) = j**2 + 9*j + 2. Let u be h(-13). Let q = 24 + -46. Let v = q + u. What is the units digit of v?
2
Suppose 5*v - 772 - 837 = -2*q, 3*v - 3225 = -4*q. What is the tens digit of q?
0
Let p(v) be the second derivative of -7*v**4/24 - v**3/6 + 6*v**2 - 10*v. Let x(i) be the first derivative of p(i). What is the tens digit of x(-6)?
4
What is the hundreds digit of (-2 - -3 - 1)/(-1) - -264?
2
Let t(g) = 29*g + 423. What is the tens digit of t(51)?
0
Let y = -56 + 21. Let a = 17 + y. What is the tens digit of a/((-4)/(-18)*-3)?
2
Let h = -625 - -1095. What is the tens digit of h?
7
Suppose -v - 33 = 2*v. Let j = 6 - v. Suppose -j - 13 = -u. What is the units digit of u?
0
Let u(b) = 4*b**2 - 16*b + 24. What is the tens digit of u(13)?
9
Suppose -z + 4*b = -445, 4*z + 5*b - 10 - 1812 = 0. Suppose 5*v = z - 43. What is the units digit of v?
2
Let r be (-171)/(-33) - (-4)/(-22). Suppose -r*x = -42 - 3. Suppose 17 = h + x. What is the units digit of h?
8
Let f be ((-240)/140)/((-4)/14). What is the tens digit of f*8/(-12) - -46?
4
Let x(l) = -4*l - 38. Let t be x(17). Let k = -52 - t. What is the units digit of k?
4
Let y = 800 + 271. What is the units digit of y?
1
Let p be -2 + (2 - -3) + -1. Suppose -p*o - 111 = 35. Let s = 103 + o. What is the tens digit of s?
3
Suppose f - 474 = -2*f + 2*z, -777 = -5*f - z. Let x = 236 - f. What is the tens digit of x?
8
Let y = -48 + 50. Suppose -542 = -y*d + 4*n, 0 = -5*d - 0*n - 3*n + 1407. What is the tens digit